, 3
Suppose 59*t - 22975 - 52132 = 0. What are the prime factors of t?
19, 67
Let q(d) = 42*d - 12. What are the prime factors of q(4)?
2, 3, 13
Let d(b) = b + 3. Let p be d(-1). List the prime factors of (-2 + 0)/(-4) - (-151)/p.
2, 19
Let n = -56 - -56. Suppose -5*m + n*m = -285. List the prime factors of m.
3, 19
Suppose 4*j - 2*x + 9 = x, 5*x = 15. Suppose -2*i = -j*w + 2*w + 4, 2*w + 7 = -5*i. What are the prime factors of (-5 + -37)*w/2?
3, 7
List the prime factors of ((-35)/5 - -360)*3.
3, 353
Suppose 14*y - 6*y = 1680. Suppose 0 = 2*m + 4*x - y, -x + 4*x = -2*m + 209. What are the prime factors of m?
103
Suppose 0 = -4*a - 3*p, 2*a + 3*p - 5*p = 0. Suppose a*i + 2*i - 28 = 2*l, -2*l - 2*i - 36 = 0. List the prime factors of ((-248)/l)/((-2)/(-4)).
31
Let n(z) = -93*z + 27. What are the prime factors of n(-3)?
2, 3, 17
Suppose -o - 12 + 2 = 0. Let z = 1064 - 974. What are the prime factors of (324/z)/((-3)/o)?
2, 3
List the prime factors of (-1 - -108) + (-11 + 11)*-1.
107
Suppose -2*z = -5*b + b + 334, 3*z = -3*b + 273. Let x = 166 - b. List the prime factors of x.
2, 5
Let m(u) be the second derivative of -u**4/12 + 5*u**3/2 - 8*u**2 + 5*u. Let a be m(11). Let j = a + -8. What are the prime factors of j?
2, 5
Suppose n = -n + 278. Let r = -85 + n. List the prime factors of r.
2, 3
Let n(l) = -l**3 - 48*l**2 - 39*l + 220. List the prime factors of n(-49).
2, 11, 103
Let v = 63 + -38. Suppose v*p - 22*p - 120 = 0. What are the prime factors of p?
2, 5
List the prime factors of (-2)/8 + -2*(-1241)/8.
2, 5, 31
Let y be (-12)/(-7) + (-2)/(-7). Suppose y*x + 4*p = -3*x + 267, 2*x - 106 = -2*p. List the prime factors of x.
5, 11
Suppose 8*p - 4*p + 1428 = 2*w, -4*w + 2*p + 2838 = 0. List the prime factors of w.
2, 3, 59
Let k be 11 + 1 + -2 + 2. Suppose 3*c = 3*u + 6, -2*u - 6 = -3*c + 2*u. List the prime factors of 2*c*45/k.
3, 5
Let f(v) = 7*v**2 - 3*v - 8. Suppose 6*s + 8 = 8*s. Let r be f(s). Suppose 4*h - r = 156. What are the prime factors of h?
2, 31
Let b = 17 + -17. Suppose b*l = l. List the prime factors of 30 + 0 + -3 + l.
3
Let l(m) = -32*m + 3. Let s be l(-2). Let z = s - 51. List the prime factors of z.
2
Let b(a) = -5*a**2 + 3. Let o be b(3). Let d = o + -14. Let n = 99 + d. List the prime factors of n.
43
Let s = 172 + 50. List the prime factors of (-4 + 0)/((-12)/s).
2, 37
Suppose -y - 2*v = -2, v - 2 = -y - 3. What are the prime factors of 2/6*159 - y?
3, 19
Let z = -11527 + 16152. What are the prime factors of z?
5, 37
Suppose 0*i - 2*j = 5*i - 20, 0 = -i + 2*j - 8. Suppose 2*p = 2*b + 20, i*p - b - 13 = 3. Suppose 39 = 3*y - p. List the prime factors of y.
3, 5
Suppose -5*u - 10 = -45. Suppose u*k = 450 + 12. List the prime factors of k.
2, 3, 11
Suppose 0 = 3*c - 6*c + 2*x + 8572, 4*x - 4 = 0. List the prime factors of c.
2, 1429
Let x = 125 - 119. Let c(q) = 39*q - 27. List the prime factors of c(x).
3, 23
Suppose -3*j - 5*u + 46 = 0, 2*j - 5*u - 47 = -8. Suppose 0 = -16*q + j*q - 72. What are the prime factors of q?
2, 3
Suppose -3*a = 2*a + 20. List the prime factors of -14*(-2)/a*-2.
2, 7
Suppose 0*l - 3*l + 5*f + 1336 = 0, 0 = -5*l - 2*f + 2175. List the prime factors of l.
19, 23
Let w = 21 + -13. Let b = w + -18. Let a(f) = -5*f + 12. What are the prime factors of a(b)?
2, 31
Let i = 2072 - -1466. What are the prime factors of i?
2, 29, 61
Suppose -2*a + i = -0*a - 560, -5*a = -3*i - 1400. Let p = -185 + a. List the prime factors of p.
5, 19
Let p be 0/(-2)*2/4. Let f be (-508)/(-5) + 6/15. Suppose p*x = 3*x - f. List the prime factors of x.
2, 17
Suppose 5*l + 8*j = 3*j - 10, -4*l = 2*j. Suppose -l - 8 = -5*b. Suppose 4*f = -0*k - b*k + 78, 5*k = f - 36. List the prime factors of f.
3, 7
Let r(j) = -8*j. Let u be r(3). List the prime factors of u/(-2) + 6/(-3).
2, 5
Let w(g) = -g**2 + 6*g + 5. Suppose d = -4*h + 24, -4*h - 33 - 3 = -2*d. Suppose -2*t + d = 3*t. List the prime factors of w(t).
13
Let p(h) = -h**2 + 15*h - 22. Let b be p(14). Let w = b - -42. What are the prime factors of w?
2, 17
Let o(t) = t**3 + 8*t**2 + 4*t - 4. Let a be o(-7). Suppose 0 = -2*d + 179 + a. List the prime factors of d.
2, 7
Suppose 0 = -7*c + 80 - 206. Suppose -5*u = -3*r - 88, 60 = 2*u + 2*r + 3*r. Let n = c + u. What are the prime factors of n?
2
Let y(d) be the first derivative of d**4/2 - 17*d**3 - 10*d**2 + 9*d + 58. List the prime factors of y(26).
3, 5, 11
Suppose 0 = -k + 6*k + 2*b - 4, 8 = 4*b. Suppose k*h = -5*h + 700. What are the prime factors of h?
2, 5, 7
Let n = -254 - -1818. What are the prime factors of n?
2, 17, 23
Suppose 0 = -2*g + 58 - 10. Suppose 5*o + 6 = -54. Let z = g + o. What are the prime factors of z?
2, 3
Let d(u) = 2*u - 11. Let t be d(7). Suppose -2*w + 4*h + 182 = -0*h, -t*h - 270 = -3*w. List the prime factors of w.
89
Suppose x + 5*u - 258 = 0, 5*x + u = x + 1051. What are the prime factors of x?
263
Suppose -4*z - 139 = -3*q, z + 3*z + 3*q + 157 = 0. Let d = 45 + z. What are the prime factors of d?
2
Let k be ((-6)/18)/((-2)/36). Let r(y) = y + 0*y - k + 13. List the prime factors of r(5).
2, 3
Let h(g) = g**2 + 20*g + 18. What are the prime factors of h(25)?
3, 127
Let z be 2 + (-42)/(-9)*6. Suppose -f - z = -5*x, 4*x - 35 = -x + 2*f. Suppose x*g = 23 + 52. What are the prime factors of g?
3, 5
Let v(g) = 211*g**2 - 10*g. List the prime factors of v(-3).
3, 643
Let z = -5476 - -8332. List the prime factors of z.
2, 3, 7, 17
Let g = 229 - -3522. What are the prime factors of g?
11, 31
Let u(m) = 91*m + 154. List the prime factors of u(12).
2, 7, 89
Let x(q) be the first derivative of -q**3/6 - q**2/2 - q - 2. Let j(l) be the first derivative of x(l). What are the prime factors of j(-5)?
2
What are the prime factors of (-59268)/(-154) - 3/(-21)?
5, 7, 11
Suppose -z - 8 = -3*b, -2*z = -3*b - 5*z. Suppose -b*u + 3*u - 127 = -2*x, 198 = 3*x - u. What are the prime factors of x?
5, 13
Let j(m) = 15*m**2 + m + 33. What are the prime factors of j(-8)?
5, 197
Suppose -3781 + 549 = -16*s. List the prime factors of s.
2, 101
Suppose -2*d + 311 = 3*l - 6*d, 3*d = l - 112. List the prime factors of l.
97
Suppose -1757 = -5*v + a, 4*v + 4*a - 92 = 1328. List the prime factors of v.
2, 11
Let o(u) = -u**3 - 3*u**2 + 4. Let q be o(-3). Let d = 9 - -5. List the prime factors of (-285)/(-105) + q/d.
3
Suppose 3*s - 5128 = 2*b, -2*s + 3424 = -2*b - 2*b. List the prime factors of s.
2, 7, 61
Suppose 0 = -18*j + 22*j - 5*b - 5994, 3*j - 2*b - 4492 = 0. List the prime factors of j.
2, 11, 17
Let m(p) = 1113*p**2 - 25*p - 63. What are the prime factors of m(-2)?
23, 193
Let r(z) = -120*z + 388. What are the prime factors of r(-13)?
2, 487
Suppose 5*r - 134 = -u, -4*u + 306 = 4*r - 150. Let y = -66 + u. Let c = y + -29. List the prime factors of c.
2, 7
Suppose 21 = 3*x + 3*a, 0 = -2*x + 4*x + 5*a - 29. Let v(p) = p**2 + 4*p. Let b be v(-4). Suppose 5*w - 22 + x = b. What are the prime factors of w?
2
Suppose 0 = 2*y + 2*v - 3*v - 200, 0 = -3*y + 2*v + 300. Suppose -y = -3*x + x. Suppose -d = 5*u - 13, 2*d = -0*d + 2*u + x. What are the prime factors of d?
23
Let c be -5*12/15*-1. Let r be (-98)/(-1) + (-4 - -6). Suppose c*m + 4*x + x - 106 = 0, -4*m - 2*x = -r. List the prime factors of m.
2, 3
Let i(y) = -2*y**3 - 7*y**2 - 22*y + 20. Let l(s) = s**3 + 5*s**2 + 15*s - 13. Let f(r) = -5*i(r) - 8*l(r). What are the prime factors of f(4)?
2, 3
What are the prime factors of (10/25 - 32/30)*-771?
2, 257
Let a be ((-1)/3)/((-1)/87). Suppose 11*p = 71 + 94. Suppose -x + a = -p. What are the prime factors of x?
2, 11
Let b = 16 - 13. Let y be (-337)/(-3) - b/9. List the prime factors of ((-3)/(-2))/(6/y).
2, 7
Suppose -30*x + 5562 + 768 = 0. What are the prime factors of x?
211
Let z = -2092 - -3068. What are the prime factors of z?
2, 61
Suppose 4*p + 33 = 3*y - 55, -16 = 4*p. Let r(z) = -53 + 28 + 2*z + 44*z**3 + y. List the prime factors of r(1).
3, 5
Let z = -19 - 0. Let o = 27 + z. Let t = o + -2. List the prime factors of t.
2, 3
Let z(w) = -w**3 + 6*w**2 + 9*w - 14. Let a be z(7). Suppose 3*k + 74 - 218 = a. List the prime factors of k.
2, 3
Suppose 0 = 4*b - 817 - 1127. List the prime factors of b.
2, 3
Suppose -b - 2*b = -660. Let f = 336 - b. List the prime factors of f.
2, 29
Let d(q) = -23*q + 60*q**2 - 26*